uppose 3*d = -2*d - 190. Let z = d - -57. Calculate the remainder when z is divided by 7.
5
Suppose -2*i + i + 24 = k, -49 = -2*i - 3*k. Suppose 0 = 4*s + 5*p - 48, 37 + i = 5*s + p. Calculate the remainder when 23 is divided by s.
11
Suppose -y + 6 = -1. Suppose -4*t = -8 - 8. Suppose -t*u = -y*u + 111. Calculate the remainder when u is divided by 13.
11
Suppose v - 148 = -3*v. Let o(i) = -i**2 - 21*i - 67. What is the remainder when v is divided by o(-5)?
11
Suppose -4*l = -2*y + 82, -78 = -3*y - 2*l - l. Let f = 11 - 7. Let c(g) = 3*g + 4. What is the remainder when y is divided by c(f)?
15
Let w = 0 + -4. Let i(r) = -2*r**2 - 2. Let g be i(w). Calculate the remainder when 22 is divided by 6/18 - g/6.
4
Suppose -2*d + 5*f = -40, -6 = -0*d + d + 4*f. Calculate the remainder when 13 is divided by d.
3
Suppose 0 = 5*n + 2 + 8. Let u be (-1)/(n*(-2)/(-92)). Suppose -3*w + 5 = -4*w, d + 5*w + u = 0. What is the remainder when 7 is divided by d?
1
Let w(y) = 3*y**2 - y. Suppose b - 207 = -5*j - 3*b, 2*j = -3*b + 87. What is the remainder when j is divided by w(2)?
9
Suppose -4*k = 25 - 133. Calculate the remainder when 41 is divided by k.
14
Let m(u) = u**3 + 14*u**2 + 10*u + 20. Calculate the remainder when m(-13) is divided by 12.
11
Suppose c + 50 = 2*j - 15, -4*j - 5*c = -95. Let l = 50 - j. Let t(a) = -a**3 + 6*a**2 + 7*a - 2. Calculate the remainder when t(5) is divided by l.
18
Let d be (-4)/22 - 2/(-11). Suppose -6 = -j - d*j. Suppose 14*v - 12*v - 34 = 0. Calculate the remainder when v is divided by j.
5
Suppose -z + 2*z - 22 = p, -3*p = 3*z - 72. Calculate the remainder when 67 is divided by z.
21
Let c = 9 + -4. Suppose -2*b = -3*u - 7, 2*b + 3*b - 55 = -c*u. Suppose 2*a + 2*a = 92. What is the remainder when a is divided by b?
7
Let c(m) be the third derivative of m**6/120 + m**5/15 - m**4/8 + m**3 - 2*m**2. Let f be c(-6). Let r = -30 - f. What is the remainder when 52 is divided by r?
16
Suppose -27*b + 31*b - 12 = 0. What is the remainder when 7 is divided by b?
1
Let s = -2 - -1. Calculate the remainder when (-3)/6*(-121 + -3) is divided by (s/2 + 0)*-42.
20
Let v(u) = u**2 - 5*u - 3. Let x be v(6). Suppose x*y - 17 = 13. Suppose -y = -6*q + q. What is the remainder when 2 is divided by q?
0
Calculate the remainder when (-295)/(-25) + (-3)/(-15) is divided by 8.
4
Let h = 30 + -16. Calculate the remainder when 54 is divided by h.
12
Calculate the remainder when 172 is divided by ((-14)/(224/(-24)))/(3/50).
22
Let c = -371 - -139. What is the remainder when c/(-10) - (-1)/(-5) is divided by 50/4 - (-1)/(-2)?
11
Suppose 3*i + 2*t - 37 = 0, -6*i + 2*i + 41 = t. What is the remainder when 19 is divided by i?
1
Suppose 5*i = u - 56, -4*u + 49 = -i - 118. What is the remainder when u is divided by 14?
13
Let i = -33 - -95. Calculate the remainder when i is divided by 14.
6
Calculate the remainder when 6/(-33) + 1610/22 is divided by 25.
23
Let d = 90 - 29. Calculate the remainder when d is divided by (-108)/(-5) - 72/120.
19
Suppose 2*c = -0*c. Let k = -2 - 1. Let d = c - k. Calculate the remainder when 7 is divided by d.
1
Let j = 3 + -6. Let q(x) = -2*x**3 - 5*x**2 - 2*x + 1. What is the remainder when 47 is divided by q(j)?
15
Suppose 0 = -4*y + 9 + 11. Let c(p) = 2*p - 9. Calculate the remainder when c(13) is divided by y.
2
Let k(d) = -d**3 - 11*d**2 + 17*d - 5. What is the remainder when k(-13) is divided by 19?
17
Suppose -a + 52 = 3*a. Let d(l) = -l**2 + 6*l + 9. Let f be d(7). Suppose c - 3*s = 13, -8 = -4*c + f*s + 24. Calculate the remainder when a is divided by c.
6
Let y = -5 + 11. What is the remainder when y is divided by 3?
0
Suppose 23*n - 17*n - 30 = 0. What is the remainder when 9 is divided by n?
4
What is the remainder when (-74)/8*1/((-2)/24) is divided by 19?
16
Let x = 84 + -59. Suppose -4*q + 3*g + 1 = 0, -5 = 3*q - 3*g - 2. Suppose j + 36 = 3*w, 0 = -w - q*j + 17 + 8. What is the remainder when x is divided by w?
12
Let k(j) = -j**2 + j - 20. Let r be k(0). Let s = -36 - r. Let i = -7 - s. What is the remainder when 17 is divided by i?
8
Let d(t) = t - 2. Let z be d(0). What is the remainder when 57 is divided by (4/3)/(z/(-30))?
17
Let l(v) = -10*v - 6. What is the remainder when l(-4) is divided by 12?
10
Suppose 0 = 5*y - 0*l - 4*l - 273, -5*y = 4*l - 297. Calculate the remainder when y is divided by 29.
28
Let f(o) = 2*o**2 - o - 8. What is the remainder when f(7) is divided by 28?
27
Let r(l) = -l - 15. Let c(b) = -2*b - 29. Let m(f) = -4*c(f) + 7*r(f). Suppose -3*a - a + 16 = 0. What is the remainder when m(0) is divided by a?
3
Suppose 2*a - 10 = 0, 2*h + 2*h - 18 = -2*a. Suppose -2 - 3 = c - 5*t, -h*t - 30 = -2*c. What is the remainder when 39 is divided by c?
19
Let r be ((-44)/(-12))/((-1)/(-6)). Let c = r - 11. Calculate the remainder when 29 is divided by c.
7
Let q = -26 + 63. Suppose 2*l = -5*i + 142, -2*l - i = -187 + q. Suppose -t - l = -5*t. Calculate the remainder when 56 is divided by t.
18
Let i = -7 - 1. Let u = i + 11. Suppose -5*g + 10*g - 10 = 0. What is the remainder when u is divided by g?
1
Suppose -4*y - 16 = 0, -4*h + 0*y = 4*y - 100. Calculate the remainder when 115 is divided by h.
28
Let g = -6 + 8. Suppose -4*c - 80 = -4*r, -5*c + 70 = 3*r + g*r. What is the remainder when 50 is divided by r?
16
Let w be (-4)/(-14) - (-255)/(-35). Calculate the remainder when 69 is divided by (-2)/w - 372/(-21).
15
What is the remainder when (2666/(-155))/(1*(-2)/5) is divided by 9?
7
Let j be 2/3 + 356/6. Suppose -k = -6*k + j. Calculate the remainder when 22 is divided by k.
10
Let s be (-32)/(-2) + 8/4. Let l = -6 + s. What is the remainder when 17/(-3 + (-21)/(-6)) is divided by l?
10
Let c(r) = -r**2 + 11*r - 18. What is the remainder when 29 is divided by c(6)?
5
Suppose -5*o - 4*y = -y - 20, -9 = -4*o - y. Calculate the remainder when 3 is divided by o.
0
What is the remainder when (-17)/(-2)*4 + -4 is divided by 16?
14
Calculate the remainder when 93 is divided by ((-21)/1 - -2)*-1.
17
Suppose -6 - 38 = -4*x. Calculate the remainder when 20 is divided by x.
9
Suppose -6 = -7*s + 5*s. Suppose 0 = -5*g + 4*o + 31, -3*g - s*o + 0*o + 24 = 0. Suppose 6*c = 5*c + g. What is the remainder when 25 is divided by c?
4
Suppose -154 = -8*s + s. What is the remainder when 42 is divided by s?
20
Let m = -7 - -10. Suppose 0 = -m*i - 3*w + 198, 0 = -2*i + w + 4*w + 146. What is the remainder when i is divided by 23?
22
Let x = 15 - 10. Let q = -14 + 32. Let w = -4 + q. Calculate the remainder when w is divided by x.
4
Suppose i = -4*i + 10. Let q be 5 + (-3 - (0 - i)). Suppose -80 = -5*k + 4*d, 2*k - 64 = -2*k + q*d. What is the remainder when k is divided by 6?
4
Suppose 3*f - 20 = 7*f - 4*s, 14 = -4*f + s. Calculate the remainder when (0 + 58)*f/(-6) is divided by 8.
5
Suppose 0 = -5*v + 5*k - 20, 0 = 4*v + 2*k - 0*k - 14. Let h(d) = 10*d**2. Let p(n) = n**2 + 4*n + 8. Calculate the remainder when p(-7) is divided by h(v).
9
Let r = 11 + -8. Let v(u) = 8*u**2 - u. Let f be v(1). Suppose 5*d + f = r*x, 2*d + 2*x - 14 = -x. Calculate the remainder when 1 is divided by d.
0
What is the remainder when 0 - ((-2 - 1) + -28) is divided by 12?
7
Suppose 0*k - 12 = -4*k - 5*n, -5*k = n - 15. Let x = 16 - k. What is the remainder when x is divided by 4?
1
Let u(g) = g - 2. Let d be u(5). Let z = 2 + d. What is the remainder when z is divided by 2?
1
Let s be (9/(-12))/((-1)/4). Let r(m) = -7*m + 2*m + 2*m**s - 3*m**3 - 3 + 7*m**2. Calculate the remainder when r(5) is divided by 12.
10
Let n = -6 + 17. Let d(u) = 4*u**2 - 18*u - 4. What is the remainder when d(6) is divided by n?
10
Let f = 33 - 10. What is the remainder when 66 is divided by f?
20
Suppose 0 = -2*r - 4*g + 8, -2*g + 7*g = 2*r + 1. Suppose -3*z = r*z - 20. What is the remainder when 14 is divided by z?
2
Let w = 40 - -45. What is the remainder when w is divided by 22?
19
Let d(l) = 12*l**2 - 2*l - 1. Suppose -6*c + 5 = -5*m - c, -4*m + 5 = -c. Let h be (-3)/4 + m/(-8). Calculate the remainder when d(h) is divided by 7.
6
Let c(x) = -x + 19. Calculate the remainder when 18 is divided by c(8).
7
Suppose 0 = 3*o - 28 - 2. What is the remainder when o is divided by 5?
0
Calculate the remainder when 53 is divided by 2272/112 - 2/7.
13
Let t(f) =